{"id":70,"date":"2020-07-09T13:05:05","date_gmt":"2020-07-09T11:05:05","guid":{"rendered":"http:\/\/digitrans.local\/?page_id=70"},"modified":"2024-12-17T17:32:09","modified_gmt":"2024-12-17T16:32:09","slug":"impressum","status":"publish","type":"page","link":"https:\/\/www.dev.plappermaul.at\/digitrans\/impressum\/","title":{"rendered":"Impressum"},"content":{"rendered":"\t\t<div data-elementor-type=\"wp-page\" data-elementor-id=\"70\" class=\"elementor elementor-70\" data-elementor-post-type=\"page\">\n\t\t\t\t\t\t<section class=\"elementor-section elementor-top-section elementor-element elementor-element-ce9bb3b elementor-section-height-min-height elementor-section-items-stretch elementor-section-stretched elementor-section-content-bottom elementor-section-boxed elementor-section-height-default\" data-id=\"ce9bb3b\" data-element_type=\"section\" data-settings=\"{&quot;background_background&quot;:&quot;video&quot;,&quot;stretch_section&quot;:&quot;section-stretched&quot;,&quot;ekit_has_onepagescroll_dot&quot;:&quot;yes&quot;}\">\n\t\t\t\t\t\t<div class=\"elementor-container elementor-column-gap-default\">\n\t\t\t\t\t<div class=\"elementor-column elementor-col-100 elementor-top-column elementor-element elementor-element-1e376b5\" data-id=\"1e376b5\" data-element_type=\"column\">\n\t\t\t<div class=\"elementor-widget-wrap elementor-element-populated\">\n\t\t\t\t\t\t<div class=\"elementor-element elementor-element-d84ca01 elementor-widget elementor-widget-heading\" data-id=\"d84ca01\" data-element_type=\"widget\" data-widget_type=\"heading.default\">\n\t\t\t\t<div class=\"elementor-widget-container\">\n\t\t\t\t\t<h1 class=\"elementor-heading-title elementor-size-default\">Impressum<\/h1>\t\t\t\t<\/div>\n\t\t\t\t<\/div>\n\t\t\t\t\t<\/div>\n\t\t<\/div>\n\t\t\t\t\t<\/div>\n\t\t<\/section>\n\t\t\t\t<section class=\"elementor-section elementor-top-section elementor-element elementor-element-94463c7 elementor-section-boxed elementor-section-height-default elementor-section-height-default\" data-id=\"94463c7\" data-element_type=\"section\" data-settings=\"{&quot;ekit_has_onepagescroll_dot&quot;:&quot;yes&quot;}\">\n\t\t\t\t\t\t<div class=\"elementor-container elementor-column-gap-default\">\n\t\t\t\t\t<div class=\"elementor-column elementor-col-100 elementor-top-column elementor-element elementor-element-ce27612\" data-id=\"ce27612\" data-element_type=\"column\">\n\t\t\t<div class=\"elementor-widget-wrap elementor-element-populated\">\n\t\t\t\t\t\t<div class=\"elementor-element elementor-element-fce5794 elementor-widget elementor-widget-text-editor\" data-id=\"fce5794\" data-element_type=\"widget\" data-widget_type=\"text-editor.default\">\n\t\t\t\t<div class=\"elementor-widget-container\">\n\t\t\t\t\t\t\t\t\t<p>\u00a0<\/p><h2>DigiTrans GmbH<\/h2><p>B\u00f6hmerwaldstra\u00dfe 16<br \/>A-4020 Linz<br \/>Tel.: +43 732 60 46 59<br \/>Mail: <a href=\"&#109;a&#x69;l&#x74;o&#x3a;o&#x66;f&#x69;c&#x65;&#64;&#x64;&#105;&#x67;&#105;&#x74;&#114;&#x61;&#110;&#x73;&#46;&#x65;&#120;p&#x65;r&#x74;\">&#111;&#x66;&#x66;i&#99;&#x65;&#64;&#100;&#x69;&#x67;i&#116;&#x72;a&#110;&#x73;&#x2e;e&#120;&#x70;e&#114;&#x74;<\/a><br \/>Web: <a href=\"http:\/\/www.digitrans.expert\">www.digitrans.expert<\/a><\/p><p>Firmenbuchnummer: 487738m<br \/>Firmenbuchgericht: Landesgericht Linz<br \/>UID-Nr.: ATU 73328534<br \/>DVR-Nr.: 0037257<br \/>Mitglied der WK\u00d6, WKO\u00d6<br \/>Gewerbeordnung: <a href=\"https:\/\/www.ris.bka.gv.at\">www.ris.bka.gv.at<\/a><\/p><p>Die Europ\u00e4ische Kommission stellt unter <a href=\"http:\/\/ec.europa.eu\/consumers\/odr\">http:\/\/ec.europa.eu\/consumers\/odr<\/a> eine Plattform zur au\u00dfergerichtlichen Streitschlichtung bereit.<\/p><h3>Offenlegung gem. \u00a7 25 MedienGesetz<\/h3><h3>Medieninhaber<\/h3><p>DigiTrans GmbH<br \/>B\u00f6hmerwaldstra\u00dfe 16, A-4020 Linz<\/p><h3>Gesch\u00e4ftsf\u00fchrung<\/h3><ul><li>Ing. Alexander Barth<\/li><\/ul><p>\u00a0<\/p><h3>Aufsichtsrat<\/h3><ul><li>Ing. Florian Danmayr, MA (Vorsitzender)<\/li><li>DI Dr. Clemens Malina-Altzinger (1. Stellvertreter)<\/li><li>Mag. Markus Formann (2. Stellvertreter)<\/li><li>DI Clemens Doppelbauer<\/li><li>Julia Miny, MA<\/li><li>DI Andreas Vrabl, MAS, MSc<\/li><li>Mag. Dr. Oliver Schauer, MBA<\/li><li>DI Dr. Johann Hoffelner, MSc<\/li><\/ul><p>\u00a0<\/p><h3>Gesellschafter der DigiTrans GmbH<\/h3><ul><li>DigiTrans \u2013 Vereinigung der Partner zur Erforschung neuer Produkte, Dienstleistungen und Gesch\u00e4ftsmodelle in den strategischen Feldern \u201eautonomous, electrified and connected mobility &amp; logistics\u201c, Hafenstra\u00dfe 47-51, 4020 Linz (10%)<\/li><li>ENGINEERING CENTER STEYR GmbH &amp; Co KG; Steyrer Stra\u00dfe 32, 4300 St. Valentin, \u00d6sterreich (15%)<\/li><li>H\u00d6DLMAYR INTERNATIONAL AG, Aisting 33, 4311 Schwertberg (15%)<\/li><li>FH O\u00d6 Forschungs &amp; Entwicklungs GmbH, Franz-Fritsch-Stra\u00dfe 11, 4600 Wels (15%)<\/li><li>Reform-Werke Bauer &amp; Co Gesellschaft m.b.H., Haidestra\u00dfe 40, 4600 Wels (15%)<\/li><li>AIT Austrian Institute of Technology GmbH, Giefinggasse 4, 1210 Wien (15%)<\/li><li>Linz Center of Mechatronics GmbH, Altenberger Stra\u00dfe 69, 4040 Linz (15%)<\/li><\/ul><p>\u00a0<\/p><h3>Blattlinie<\/h3><p>Die auf der Website von Digitrans und in s\u00e4mtlichen Ver\u00f6ffentlichungen angef\u00fchrten Dienstleistungen und Services dienen der Information \u00fcber die Angebote der DigiTrans GmbH sowie \u00fcber ihre Projekte und die ihrer Partner.<\/p><h3>F\u00fcr den Inhalt verantwortlich<\/h3><p>Ing. Alexander Barth, Gesch\u00e4ftsf\u00fchrer DigiTrans GmbH<\/p><p>Aus Gr\u00fcnden der vereinfachten Lesbarkeit wurde von einer geschlechtsneutralen Schreibweise der auf nat\u00fcrliche Personen bezogenen Bezeichnungen gro\u00dfteils Abstand genommen. Soweit derartige Bezeichnungen nur in m\u00e4nnlicher Form angef\u00fchrt sind, beziehen sie sich in gleicher Weise auf weibliche Besch\u00e4ftigte.<\/p><h3>Haftungsausschluss<\/h3><p>Die auf der Website der DigiTrans GmbH und in s\u00e4mtlichen Ver\u00f6ffentlichungen angef\u00fchrten Inhalte wie Dienstleistungen und Services dienen der Information \u00fcber die Angebote der DigiTrans GmbH sowie \u00fcber die Information \u00fcber eigene Projekte oder Projekte von Partnern.<\/p><p>Die Zusammenstellung des Internetangebotes erfolgt mit gr\u00f6\u00dftm\u00f6glicher Sorgfalt. Die DigiTrans GmbH kann jedoch keine Zusicherung oder Garantie f\u00fcr die auf der Website zur Verf\u00fcgung gestellten Angaben \u00fcbernehmen und schlie\u00dft daher eine Haftung f\u00fcr Sch\u00e4den jeglicher Art, die im Zusammenhang mit dem Gebrauch dieser Website direkt oder indirekt entstehen, aus.<\/p><p>Bei Links zu anderen Websites \u00fcbernimmt die DigiTrans GmbH ebenfalls keine Haftung f\u00fcr diese Fremdinhalte, da daf\u00fcr ausschlie\u00dflich deren Anbieter zust\u00e4ndig sind.<\/p><h3>Copyright<\/h3><p>Alle Rechte vorbehalten. Texte, Bilder, Grafiken, Sounds, Animationen und Videos sowie alle sonstigen auf der Website wiedergegebenen Inhalte unterliegen dem Schutz durch das Urheberrecht und andere Schutzgesetze. Die Vervielf\u00e4ltigung, Ver\u00e4nderung oder Verwendung der genannten Inhalte in welcher Form auch immer ist ohne vorherige Zustimmung durch die DigiTrans GmbH nicht gestattet. Alle auf der Website dargestellten Marken, Logos, Patente u.\u00e4. sind, soweit nicht anders angegeben, rechtlich gesch\u00fctzt und stellen geistiges Eigentum der DigiTrans GmbH dar.<\/p><h3>Bildnachweise<\/h3><ul><li>Falls nicht anders angegeben: \u00a9 DigiTrans GmbH<\/li><li>Erg\u00e4nzendes Bildmaterial:<ul><li><a href=\"https:\/\/www.pexels.com\/\">pexels<\/a><\/li><li><a href=\"https:\/\/unsplash.com\/\">unsplash<\/a><\/li><\/ul><\/li><\/ul>\t\t\t\t\t\t\t\t<\/div>\n\t\t\t\t<\/div>\n\t\t\t\t\t<\/div>\n\t\t<\/div>\n\t\t\t\t\t<\/div>\n\t\t<\/section>\n\t\t\t\t<\/div>\n\t\t","protected":false},"excerpt":{"rendered":"<p>Impressum \u00a0 DigiTrans GmbH B\u00f6hmerwaldstra\u00dfe 16A-4020 LinzTel.: +43 732 60 46 59Mail: &#x6f;&#102;f&#x69;&#99;e&#x40;&#100;i&#x67;&#105;t&#x72;&#97;n&#x73;&#46;e&#x78;&#112;e&#x72;&#116;Web: www.digitrans.expert Firmenbuchnummer: 487738mFirmenbuchgericht: Landesgericht LinzUID-Nr.: ATU 73328534DVR-Nr.: 0037257Mitglied der WK\u00d6, WKO\u00d6Gewerbeordnung: www.ris.bka.gv.at Die Europ\u00e4ische Kommission stellt unter http:\/\/ec.europa.eu\/consumers\/odr eine Plattform zur au\u00dfergerichtlichen Streitschlichtung bereit. Offenlegung gem. \u00a7 25 MedienGesetz Medieninhaber DigiTrans GmbHB\u00f6hmerwaldstra\u00dfe 16, A-4020 Linz Gesch\u00e4ftsf\u00fchrung Ing. Alexander Barth \u00a0 Aufsichtsrat Ing. [&hellip;]<\/p>\n","protected":false},"author":3,"featured_media":0,"parent":0,"menu_order":0,"comment_status":"closed","ping_status":"closed","template":"","meta":{"content-type":"","footnotes":""},"class_list":["post-70","page","type-page","status-publish","hentry"],"yoast_head":"<!-- This site is optimized with the Yoast SEO plugin v26.8 - https:\/\/yoast.com\/product\/yoast-seo-wordpress\/ -->\n<title>Impressum &#187; Digitrans<\/title>\n<meta name=\"robots\" content=\"index, follow, max-snippet:-1, max-image-preview:large, max-video-preview:-1\" \/>\n<link rel=\"canonical\" href=\"https:\/\/www.dev.plappermaul.at\/digitrans\/impressum\/\" \/>\n<meta property=\"og:locale\" content=\"de_DE\" \/>\n<meta property=\"og:type\" content=\"article\" \/>\n<meta property=\"og:title\" content=\"Impressum &#187; Digitrans\" \/>\n<meta property=\"og:description\" content=\"Impressum \u00a0 DigiTrans GmbH B\u00f6hmerwaldstra\u00dfe 16A-4020 LinzTel.: +43 732 60 46 59Mail: &#x6f;&#102;f&#x69;&#x63;&#101;&#064;&#x64;&#105;g&#x69;&#x74;&#114;a&#x6e;&#115;&#046;&#x65;&#x78;&#112;e&#x72;&#x74;Web: www.digitrans.expert Firmenbuchnummer: 487738mFirmenbuchgericht: Landesgericht LinzUID-Nr.: ATU 73328534DVR-Nr.: 0037257Mitglied der WK\u00d6, WKO\u00d6Gewerbeordnung: www.ris.bka.gv.at Die Europ\u00e4ische Kommission stellt unter http:\/\/ec.europa.eu\/consumers\/odr eine Plattform zur au\u00dfergerichtlichen Streitschlichtung bereit. Offenlegung gem. \u00a7 25 MedienGesetz Medieninhaber DigiTrans GmbHB\u00f6hmerwaldstra\u00dfe 16, A-4020 Linz Gesch\u00e4ftsf\u00fchrung Ing. Alexander Barth \u00a0 Aufsichtsrat Ing. [&hellip;]\" \/>\n<meta property=\"og:url\" content=\"https:\/\/www.dev.plappermaul.at\/digitrans\/impressum\/\" \/>\n<meta property=\"og:site_name\" content=\"Digitrans\" \/>\n<meta property=\"article:publisher\" content=\"https:\/\/www.facebook.com\/digitrans.expert\" \/>\n<meta property=\"article:modified_time\" content=\"2024-12-17T16:32:09+00:00\" \/>\n<meta property=\"og:image\" content=\"https:\/\/www.dev.plappermaul.at\/digitrans\/wp-content\/uploads\/2020\/09\/digitrans-logo-signet-rgb-01.jpg\" \/>\n\t<meta property=\"og:image:width\" content=\"852\" \/>\n\t<meta property=\"og:image:height\" content=\"851\" \/>\n\t<meta property=\"og:image:type\" content=\"image\/jpeg\" \/>\n<meta name=\"twitter:card\" content=\"summary_large_image\" \/>\n<meta name=\"twitter:label1\" content=\"Gesch\u00e4tzte Lesezeit\" \/>\n\t<meta name=\"twitter:data1\" content=\"3\u00a0Minuten\" \/>\n<script type=\"application\/ld+json\" class=\"yoast-schema-graph\">{\"@context\":\"https:\/\/schema.org\",\"@graph\":[{\"@type\":\"WebPage\",\"@id\":\"https:\/\/www.dev.plappermaul.at\/digitrans\/impressum\/\",\"url\":\"https:\/\/www.dev.plappermaul.at\/digitrans\/impressum\/\",\"name\":\"Impressum &#187; Digitrans\",\"isPartOf\":{\"@id\":\"https:\/\/www.dev.plappermaul.at\/digitrans\/#website\"},\"datePublished\":\"2020-07-09T11:05:05+00:00\",\"dateModified\":\"2024-12-17T16:32:09+00:00\",\"breadcrumb\":{\"@id\":\"https:\/\/www.dev.plappermaul.at\/digitrans\/impressum\/#breadcrumb\"},\"inLanguage\":\"de\",\"potentialAction\":[{\"@type\":\"ReadAction\",\"target\":[\"https:\/\/www.dev.plappermaul.at\/digitrans\/impressum\/\"]}]},{\"@type\":\"BreadcrumbList\",\"@id\":\"https:\/\/www.dev.plappermaul.at\/digitrans\/impressum\/#breadcrumb\",\"itemListElement\":[{\"@type\":\"ListItem\",\"position\":1,\"name\":\"Home\",\"item\":\"https:\/\/www.dev.plappermaul.at\/digitrans\/\"},{\"@type\":\"ListItem\",\"position\":2,\"name\":\"Impressum\"}]},{\"@type\":\"WebSite\",\"@id\":\"https:\/\/www.dev.plappermaul.at\/digitrans\/#website\",\"url\":\"https:\/\/www.dev.plappermaul.at\/digitrans\/\",\"name\":\"Digitrans\",\"description\":\"best answers for future transport\",\"publisher\":{\"@id\":\"https:\/\/www.dev.plappermaul.at\/digitrans\/#organization\"},\"potentialAction\":[{\"@type\":\"SearchAction\",\"target\":{\"@type\":\"EntryPoint\",\"urlTemplate\":\"https:\/\/www.dev.plappermaul.at\/digitrans\/?s={search_term_string}\"},\"query-input\":{\"@type\":\"PropertyValueSpecification\",\"valueRequired\":true,\"valueName\":\"search_term_string\"}}],\"inLanguage\":\"de\"},{\"@type\":\"Organization\",\"@id\":\"https:\/\/www.dev.plappermaul.at\/digitrans\/#organization\",\"name\":\"DigiTrans GmbH\",\"url\":\"https:\/\/www.dev.plappermaul.at\/digitrans\/\",\"logo\":{\"@type\":\"ImageObject\",\"inLanguage\":\"de\",\"@id\":\"https:\/\/www.dev.plappermaul.at\/digitrans\/#\/schema\/logo\/image\/\",\"url\":\"https:\/\/www.dev.plappermaul.at\/digitrans\/wp-content\/uploads\/2020\/06\/digitrans-logo-2.png\",\"contentUrl\":\"https:\/\/www.dev.plappermaul.at\/digitrans\/wp-content\/uploads\/2020\/06\/digitrans-logo-2.png\",\"width\":714,\"height\":426,\"caption\":\"DigiTrans GmbH\"},\"image\":{\"@id\":\"https:\/\/www.dev.plappermaul.at\/digitrans\/#\/schema\/logo\/image\/\"},\"sameAs\":[\"https:\/\/www.facebook.com\/digitrans.expert\",\"https:\/\/www.linkedin.com\/company\/37484651\/\"]}]}<\/script>\n<!-- \/ Yoast SEO plugin. -->","yoast_head_json":{"title":"Impressum &#187; Digitrans","robots":{"index":"index","follow":"follow","max-snippet":"max-snippet:-1","max-image-preview":"max-image-preview:large","max-video-preview":"max-video-preview:-1"},"canonical":"https:\/\/www.dev.plappermaul.at\/digitrans\/impressum\/","og_locale":"de_DE","og_type":"article","og_title":"Impressum &#187; Digitrans","og_description":"Impressum \u00a0 DigiTrans GmbH B\u00f6hmerwaldstra\u00dfe 16A-4020 LinzTel.: +43 732 60 46 59Mail: &#111;&#x66;&#102;&#x69;&#99;&#x65;&#64;&#x64;i&#x67;i&#116;&#x72;&#97;&#x6e;&#115;&#x2e;&#101;&#x78;p&#x65;r&#x74;Web: www.digitrans.expert Firmenbuchnummer: 487738mFirmenbuchgericht: Landesgericht LinzUID-Nr.: ATU 73328534DVR-Nr.: 0037257Mitglied der WK\u00d6, WKO\u00d6Gewerbeordnung: www.ris.bka.gv.at Die Europ\u00e4ische Kommission stellt unter http:\/\/ec.europa.eu\/consumers\/odr eine Plattform zur au\u00dfergerichtlichen Streitschlichtung bereit. Offenlegung gem. \u00a7 25 MedienGesetz Medieninhaber DigiTrans GmbHB\u00f6hmerwaldstra\u00dfe 16, A-4020 Linz Gesch\u00e4ftsf\u00fchrung Ing. Alexander Barth \u00a0 Aufsichtsrat Ing. [&hellip;]","og_url":"https:\/\/www.dev.plappermaul.at\/digitrans\/impressum\/","og_site_name":"Digitrans","article_publisher":"https:\/\/www.facebook.com\/digitrans.expert","article_modified_time":"2024-12-17T16:32:09+00:00","og_image":[{"width":852,"height":851,"url":"https:\/\/www.dev.plappermaul.at\/digitrans\/wp-content\/uploads\/2020\/09\/digitrans-logo-signet-rgb-01.jpg","type":"image\/jpeg"}],"twitter_card":"summary_large_image","twitter_misc":{"Gesch\u00e4tzte Lesezeit":"3\u00a0Minuten"},"schema":{"@context":"https:\/\/schema.org","@graph":[{"@type":"WebPage","@id":"https:\/\/www.dev.plappermaul.at\/digitrans\/impressum\/","url":"https:\/\/www.dev.plappermaul.at\/digitrans\/impressum\/","name":"Impressum &#187; Digitrans","isPartOf":{"@id":"https:\/\/www.dev.plappermaul.at\/digitrans\/#website"},"datePublished":"2020-07-09T11:05:05+00:00","dateModified":"2024-12-17T16:32:09+00:00","breadcrumb":{"@id":"https:\/\/www.dev.plappermaul.at\/digitrans\/impressum\/#breadcrumb"},"inLanguage":"de","potentialAction":[{"@type":"ReadAction","target":["https:\/\/www.dev.plappermaul.at\/digitrans\/impressum\/"]}]},{"@type":"BreadcrumbList","@id":"https:\/\/www.dev.plappermaul.at\/digitrans\/impressum\/#breadcrumb","itemListElement":[{"@type":"ListItem","position":1,"name":"Home","item":"https:\/\/www.dev.plappermaul.at\/digitrans\/"},{"@type":"ListItem","position":2,"name":"Impressum"}]},{"@type":"WebSite","@id":"https:\/\/www.dev.plappermaul.at\/digitrans\/#website","url":"https:\/\/www.dev.plappermaul.at\/digitrans\/","name":"Digitrans","description":"best answers for future transport","publisher":{"@id":"https:\/\/www.dev.plappermaul.at\/digitrans\/#organization"},"potentialAction":[{"@type":"SearchAction","target":{"@type":"EntryPoint","urlTemplate":"https:\/\/www.dev.plappermaul.at\/digitrans\/?s={search_term_string}"},"query-input":{"@type":"PropertyValueSpecification","valueRequired":true,"valueName":"search_term_string"}}],"inLanguage":"de"},{"@type":"Organization","@id":"https:\/\/www.dev.plappermaul.at\/digitrans\/#organization","name":"DigiTrans GmbH","url":"https:\/\/www.dev.plappermaul.at\/digitrans\/","logo":{"@type":"ImageObject","inLanguage":"de","@id":"https:\/\/www.dev.plappermaul.at\/digitrans\/#\/schema\/logo\/image\/","url":"https:\/\/www.dev.plappermaul.at\/digitrans\/wp-content\/uploads\/2020\/06\/digitrans-logo-2.png","contentUrl":"https:\/\/www.dev.plappermaul.at\/digitrans\/wp-content\/uploads\/2020\/06\/digitrans-logo-2.png","width":714,"height":426,"caption":"DigiTrans GmbH"},"image":{"@id":"https:\/\/www.dev.plappermaul.at\/digitrans\/#\/schema\/logo\/image\/"},"sameAs":["https:\/\/www.facebook.com\/digitrans.expert","https:\/\/www.linkedin.com\/company\/37484651\/"]}]}},"_links":{"self":[{"href":"https:\/\/www.dev.plappermaul.at\/digitrans\/wp-json\/wp\/v2\/pages\/70","targetHints":{"allow":["GET"]}}],"collection":[{"href":"https:\/\/www.dev.plappermaul.at\/digitrans\/wp-json\/wp\/v2\/pages"}],"about":[{"href":"https:\/\/www.dev.plappermaul.at\/digitrans\/wp-json\/wp\/v2\/types\/page"}],"author":[{"embeddable":true,"href":"https:\/\/www.dev.plappermaul.at\/digitrans\/wp-json\/wp\/v2\/users\/3"}],"replies":[{"embeddable":true,"href":"https:\/\/www.dev.plappermaul.at\/digitrans\/wp-json\/wp\/v2\/comments?post=70"}],"version-history":[{"count":82,"href":"https:\/\/www.dev.plappermaul.at\/digitrans\/wp-json\/wp\/v2\/pages\/70\/revisions"}],"predecessor-version":[{"id":18495,"href":"https:\/\/www.dev.plappermaul.at\/digitrans\/wp-json\/wp\/v2\/pages\/70\/revisions\/18495"}],"wp:attachment":[{"href":"https:\/\/www.dev.plappermaul.at\/digitrans\/wp-json\/wp\/v2\/media?parent=70"}],"curies":[{"name":"wp","href":"https:\/\/api.w.org\/{rel}","templated":true}]}}